 of 15?
False
Is 4515822 a multiple of 1899?
True
Is 128 a factor of 5239808?
True
Is 17 a factor of 206867?
False
Is 32957 a multiple of 8?
False
Does 19 divide 7341809?
True
Is 93569 a multiple of 9?
False
Does 3 divide 32946?
True
Is 449 a factor of 135598?
True
Is 58 a factor of 24882?
True
Does 59 divide 6227949?
False
Is 74084 a multiple of 106?
False
Is 13240262 a multiple of 14?
True
Is 6 a factor of 1591476?
True
Does 13 divide 83226?
True
Is 2042584 a multiple of 8?
True
Is 29176 a multiple of 7?
True
Does 79 divide 6752920?
True
Is 410854 a multiple of 2?
True
Does 209 divide 3360352?
False
Does 278 divide 829709?
False
Is 230 a factor of 204007?
False
Is 244608 a multiple of 26?
True
Does 326 divide 8113567?
False
Does 191 divide 160511?
False
Does 36 divide 182484?
True
Is 6 a factor of 29895?
False
Does 25 divide 355950?
True
Is 391 a factor of 704582?
True
Does 14 divide 665798?
True
Does 60 divide 393420?
True
Does 21 divide 235409?
False
Is 6906379 a multiple of 55?
False
Is 134 a factor of 116703?
False
Is 137 a factor of 263150?
False
Is 23158 a multiple of 213?
False
Does 640 divide 984320?
True
Is 60 a factor of 5678460?
True
Is 280696 a multiple of 26?
True
Is 35 a factor of 456843?
False
Is 2925 even?
False
Is 223 a factor of 112708?
False
Is 60122 a multiple of 14?
False
Is 3910400 a multiple of 6?
False
Does 59 divide 3943442?
True
Is 31839 a multiple of 10?
False
Does 5 divide 1798105?
True
Is 2091836 a multiple of 230?
False
Is 4113976 a multiple of 168?
False
Is 1142 a factor of 2816172?
True
Is 5 a factor of 646109?
False
Is 3 a factor of 711858?
True
Is 7018 a multiple of 319?
True
Does 32 divide 4732111?
False
Is 86 a factor of 786900?
True
Is 11 a factor of 237842?
True
Is 64 a factor of 14656?
True
Is 12 a factor of 20568?
True
Does 139 divide 321924?
True
Is 942343 a multiple of 9?
False
Is 1545800 a multiple of 100?
True
Is 688944 a multiple of 8?
True
Does 16 divide 1267248?
True
Does 251 divide 9252895?
False
Does 65 divide 273520?
True
Is 7057120 a multiple of 15?
False
Is 13912960 a multiple of 32?
True
Is 406 a factor of 2473677?
False
Is 44 a factor of 118132?
False
Is 1371654 a multiple of 18?
True
Is 27 a factor of 59535?
True
Is 80 a factor of 137360?
True
Does 26 divide 9623770?
True
Does 60 divide 1332799?
False
Is 32 a factor of 116896?
True
Is 12006197 a multiple of 47?
True
Does 259 divide 491841?
True
Is 361473 a multiple of 7?
True
Is 36 a factor of 170142?
False
Does 10 divide 316510?
True
Is 2 a factor of 1134819?
False
Does 8 divide 2909685?
False
Does 99 divide 16434?
True
Does 476 divide 5986873?
False
Does 387 divide 5189027?
False
Does 5 divide 1725955?
True
Is 289 a factor of 137275?
True
Is 19 a factor of 13478887?
False
Is 500310 a multiple of 459?
True
Is 82 a factor of 5277852?
False
Does 27 divide 3939057?
True
Is 79 a factor of 88322?
True
Does 28 divide 353083?
False
Is 10 a factor of 507880?
True
Is 59 a factor of 99825?
False
Is 18 a factor of 3230436?
False
Is 416100 a multiple of 57?
True
Is 932229 a multiple of 94?
False
Does 71 divide 35491507?
False
Is 17 a factor of 632910?
True
Is 654255 a multiple of 315?
True
Is 619938 a multiple of 279?
True
Does 676 divide 2734420?
True
Is 40 a factor of 94440?
True
Is 26 a factor of 176280?
True
Does 91 divide 213941?
True
Is 1670119 a multiple of 19?
True
Does 29 divide 1337658?
False
Is 775 a factor of 623875?
True
Is 901987 a multiple of 551?
True
Is 81458 a multiple of 4?
False
Does 59 divide 3152053?
False
Is 2416446 a multiple of 19?
False
Is 554245 a multiple of 203?
False
Does 8 divide 61416?
True
Does 10 divide 27970?
True
Does 26 divide 53508?
True
Does 76 divide 2188420?
True
Is 4343664 a multiple of 16?
True
Is 72 a factor of 9400268?
False
Is 97 a factor of 2234007?
True
Is 2579608 a multiple of 58?
True
Is 5 a factor of 152098?
False
Is 820 a factor of 6667043?
False
Is 572 a factor of 286500?
False
Is 212 a factor of 10326308?
True
Is 1461914 a multiple of 175?
False
Is 1071 a factor of 284886?
True
Does 15 divide 6225?
True
Is 490365 a multiple of 765?
True
Is 28522 a multiple of 4?
False
Does 59 divide 2377936?
True
Is 6 a factor of 1328221?
False
Is 471 a factor of 417616?
False
Is 1293326 a multiple of 1593?
False
Does 27 divide 197667?
True
Does 930 divide 10724760?
True
Does 27 divide 263074?
False
Does 114 divide 1777530?
False
Is 7 a factor of 10054?
False
Does 605 divide 297405?
False
Does 84 divide 627169?
False
Is 301 a factor of 765626?
False
Does 59 divide 122493?
False
Is 357 a factor of 4152389?
False
Is 115 a factor of 667553?
False
Is 214 a factor of 958720?
True
Is 11 a factor of 2508165?
True
Does 195 divide 4407195?
True
Does 16 divide 14208?
True
Does 48 divide 315792?
True
Does 10 divide 4752382?
False
Does 403 divide 8741070?
True
Is 4251845 a multiple of 110?
False
Is 41 a factor of 146698?
True
Is 86 a factor of 9632?
True
Is 2880 a multiple of 24?
True
Does 72 divide 83016?
True
Does 5 divide 42952?
False
Is 153 a factor of 2599661?
False
Is 6 a factor of 658860?
True
Is 90167 a multiple of 22?
False
Is 9946636 a multiple of 259?
True
Is 3 a factor of 40176?
True
Does 187 divide 925763?
False
Is 91550 a multiple of 3?
False
Does 30 divide 25073?
False
Does 126 divide 1060290?
True
Is 149220 a multiple of 11?
False
Is 153440 a multiple of 8?
True
Is 13 a factor of 190749?
True
Does 125 divide 790722?
False
Is 31 a factor of 2652677?
False
Is 9086222 a multiple of 33?
False
Is 84006 a multiple of 234?
True
Is 125716 a multiple of 53?
True
Is 46 a factor of 1929832?
False
Does 40 divide 127520?
True
Is 12571072 a multiple of 356?
True
Is 931810 a multiple of 43?
True
Is 15 a factor of 60584?
False
Is 9 a factor of 929601?
True
Does 642 divide 767832?
True
Does 8 divide 42459?
False
Does 86 divide 3575708?
True
Is 1040734 a multiple of 42?
False
Is 191310 a multiple of 5?
True
Is 64 a factor of 112598?
False
Is 29 a factor of 1134944?
True
Is 2277227 a multiple of 2?
False
Does 71 divide 656053?
False
Does 8 divide 8296?
True
Does 78 divide 1017120?
True
Does 47 divide 470610?
False
Is 114730 a multiple of 62?
False
Is 242977 a multiple of 337?
True
Does 20 divide 2744080?
True
Does 61 divide 761341?
True
Is 249000 a multiple of 5?
True
Does 11 divide 480698?
False
Does 437 divide 3374712?
False
Is 13 a factor of 224731?
True
Is 1766352 a multiple of 21?
True
Does 478 divide 28117?
False
Does 7 divide 1128680?
True
Is 60412 a multiple of 4?
True
Is 13 a factor of 2024196?
False
Is 183223 a multiple of 233?
False
Is 131747 a multiple of 15?
False
Is 27 a factor of 2183929?
False
Is 2386459 a multiple of 944?
False
Does 10 divide 67762?
False
Is 18 a factor of 2867202?
True
Is 44283 a multiple of 29?
True
Does 8 divide 71951?
False
Is 6 a factor of 1415417?
False
Does 232 divide 4888704?
True
Does 61 divide 242466?
False
Is 885381 a multiple of 675?
False
Does 18 divide 2701548?
True
Is 2897910 a multiple of 270?
True
Does 822 divide 2624446?
False
Is 451 a factor of 3635413?
False
Is 1834206 a multiple of 29?
False
Is 734202 a multiple of 9?
True
Is 177882 a multiple of 372?
False
Is 493000 a multiple of 50?
True
Does 123 divide 1290270?
True
Is 487 a factor of 13205979?
True
Is 1954776 a multiple of 632?
True
Does 37 divide 940515?
False
Does 2 divide 52203?
False
Does 361 divide 10676?
False
Is 31270 a multiple of 11?
False
Is 1028888 a multiple of 517?
False
Is 201195 a multiple of 15?
True
Does 169 divide 164581?
False
Is 937080 a multiple of 38?
True
Does 14 divide 2535484?
True
Does 35 divide 4772842?
False
Is 457 a factor of 2546404?
True
Is 2515950 a multiple of 126?
False
Is 1573 a factor of 9598446?
True
Is 1414 a factor of 11772896?
False
Is 14 a factor of 795676?
True
Does 25 divide 557440?
False
Is 14 a factor of 12334?
True
Does 142 divide 1688664?
True
Is 7854942 a multiple of 38?
True
Does 398 divide 341086?
True
Does 85 divide 359635?
True
Is 11 a factor of 89177?
True
Is 134 a factor of 2589762?
False
Is 58786 a multiple of 7?
True
Is 108385 a multiple of 45?
False
Is 207 a factor of 130716?
False
Is 2202110 a multiple of 655?
True
Is 19 a factor of 81889?
False
Is 22 a factor of 5016?
True
Does 21 divide 4083114?
True
Is 3 a factor of 317454?
True
Does 239 divide 1909849?
